{"id":252,"date":"2021-03-18T14:25:55","date_gmt":"2021-03-18T14:25:55","guid":{"rendered":"https:\/\/bslthemes.site\/mireya\/?page_id=252"},"modified":"2023-08-05T15:36:25","modified_gmt":"2023-08-05T15:36:25","slug":"portfolio","status":"publish","type":"page","link":"https:\/\/mopiarh.hr\/index.php\/portfolio\/","title":{"rendered":"Portfolio"},"content":{"rendered":"\t\t<div data-elementor-type=\"wp-page\" data-elementor-id=\"252\" class=\"elementor elementor-252\">\n\t\t\t\t\t\t<section class=\"elementor-section elementor-top-section elementor-element elementor-element-26f962d elementor-section-full_width elementor-section-height-default elementor-section-height-default\" data-id=\"26f962d\" data-element_type=\"section\" data-e-type=\"section\">\n\t\t\t\t\t\t<div class=\"elementor-container elementor-column-gap-no\">\n\t\t\t\t\t<div class=\"elementor-column elementor-col-100 elementor-top-column elementor-element elementor-element-a1ab2af\" data-id=\"a1ab2af\" data-element_type=\"column\" data-e-type=\"column\">\n\t\t\t<div class=\"elementor-widget-wrap elementor-element-populated\">\n\t\t\t\t\t\t<div class=\"elementor-element elementor-element-ec583ad elementor-widget elementor-widget-mireya-started\" data-id=\"ec583ad\" data-element_type=\"widget\" data-e-type=\"widget\" data-widget_type=\"mireya-started.default\">\n\t\t\t\t<div class=\"elementor-widget-container\">\n\t\t\t\t\t\n\t\t\t\t<div class=\"mry-head-bg\">\n\t\t\t<img decoding=\"async\" src=\"https:\/\/mopiarh.hr\/wp-content\/uploads\/2021\/03\/p-6-1.jpg\" alt=\"\">\n\t\t\t<div class=\"mry-bg-overlay\"><\/div>\n\t\t<\/div>\n\t\t\n\t\t<div class=\"mry-banner mry-p-140-0 mry-p-0-100\">\n\t\t\t<div class=\"container\">\n\t\t\t\t<div class=\"mry-main-title mry-title-center\">\n\t\t\t\t\t\t\t\t\t\t<div class=\"mry-subtitle mry-mb-20 mry-fo\">\n\t\t\t\t\t\t<span >\n\t\t\t          \t\tPORTFOLIO\t\t\t          \t<\/span>\n\t\t\t\t\t<\/div>\n\t\t\t\t\t\t\t\t\t\t\t\t\t\t\t<h1 class=\"mry-mb-20 mry-fo mry-title--h\">\n\t\t\t\t\t\t<span >\n\t\t\t          \t\tOtkrijte Raznovrsnost Na\u0161ih \t\t\t          \t<\/span><br>\n\t\t\t\t\t\t<span class=\"mry-border-text\">\n\t\t\t\t\t\t\t<span >\n\t\t\t\t          \t\tArhitektonskih Projekata\t\t\t\t          \t<\/span>\n\t\t\t\t\t\t<\/span>\n\t\t\t\t\t\t<span class=\"mry-animation-el\"><\/span>\n\t\t\t\t\t<\/h1>\n\t\t\t\t\t\t\t\t\t\t\t\t\t\t\t<div class=\"mry-text mry-fo\">\n\t\t\t\t\t\t<span >\n\t\t\t          \t\tDobrodo\u0161li u na\u0161 portfolio - mjesto gdje se vizije pretvaraju u stvarnost. U\u017eivajte u \u0161irokoj paleti na\u0161ih arhitektonskih projekata koji odra\u017eavaju na\u0161u strast prema kreativnom dizajnu i preciznom izvo\u0111enju. Ovdje \u0107ete prona\u0107i raznolike stambene i poslovne zgrade, javne prostore, urbanisti\u010dke planove, dizajn interijera i jo\u0161 mnogo toga. Svaki projekt je jedinstven, kreiran prema potrebama i vizijama na\u0161ih klijenata, te oboga\u0107en na\u0161im iskustvom i znanjem. Pregledajte na\u0161e radove i inspirirajte se - va\u0161a arhitektonska pri\u010da mo\u017ee zapo\u010deti s nama.\t\t\t          \t<\/span>\n\t\t\t\t\t<\/div>\n\t\t\t\t\t\t\t\t\t\t\t\t\t\t\t<div class=\"mry-scroll-hint-frame\">\n\t\t\t\t\t\t<a class=\"mry-scroll-hint mry-smooth-scroll mry-magnetic-link mry-fo\" href=\"#mry-anchor\">\n\t\t\t\t\t\t\t<span class=\"mry-magnetic-object\"><\/span>\n\t\t\t\t\t\t<\/a>\n\t\t\t\t\t\t<div class=\"mry-label mry-fo\">\n\t\t\t\t\t\t\t<span >\n\t\t\t\t          \t\tScroll Down\t\t\t\t          \t<\/span>\n\t\t\t\t\t\t<\/div>\n\t\t\t\t\t<\/div>\n\t\t\t\t\t\t\t\t\t<\/div>\n\t\t\t<\/div>\n\t\t<\/div>\n\n\t\t\t\t\t\t<\/div>\n\t\t\t\t<\/div>\n\t\t\t\t\t<\/div>\n\t\t<\/div>\n\t\t\t\t\t<\/div>\n\t\t<\/section>\n\t\t\t\t<section class=\"elementor-section elementor-top-section elementor-element elementor-element-6f91ffa elementor-section-full_width elementor-section-height-default elementor-section-height-default\" data-id=\"6f91ffa\" data-element_type=\"section\" data-e-type=\"section\">\n\t\t\t\t\t\t<div class=\"elementor-container elementor-column-gap-no\">\n\t\t\t\t\t<div class=\"elementor-column elementor-col-100 elementor-top-column elementor-element elementor-element-ed97b26\" data-id=\"ed97b26\" data-element_type=\"column\" data-e-type=\"column\">\n\t\t\t<div class=\"elementor-widget-wrap elementor-element-populated\">\n\t\t\t\t\t\t<div class=\"elementor-element elementor-element-2f7f975 elementor-widget elementor-widget-mireya-portfolio\" data-id=\"2f7f975\" data-element_type=\"widget\" data-e-type=\"widget\" data-widget_type=\"mireya-portfolio.default\">\n\t\t\t\t<div class=\"elementor-widget-container\">\n\t\t\t\t\t\n\t\t<!-- portfolio -->\n\t\t<div class=\"mry-portfolio\">\n\t\t\t<div class=\"container\">\n\t\t\t\t\t\t\t\t<div class=\"mry-filter mry-mb-40 mry-fo\">\n\t\t\t\t\t<a href=\"#\" data-filter=\"*\" class=\"mry-card-category mry-default-link mry-current\">All Categories<\/a>\n\t\t\t\t\t\t\t\t\t\t<a href=\"#\" data-filter=\".category-dizajn-interijera-eksterijera\" class=\"mry-card-category mry-default-link\">Dizajn interijera\/eksterijera<\/a>\n\t\t\t\t\t\t\t\t\t\t<a href=\"#\" data-filter=\".category-arhitektura\" class=\"mry-card-category mry-default-link\">Arhitektura<\/a>\n\t\t\t\t\t\t\t\t\t\t<a href=\"#\" data-filter=\".category-arhitektonske-vizualizacije\" class=\"mry-card-category mry-default-link\">Arhitektonske vizualizacije<\/a>\n\t\t\t\t\t\t\t\t\t<\/div>\n\t\t\t\t\t\t\t\t\t\t\t\t<div class=\"mry-portfolio-frame\">\n\t\t\t\t\t<div class=\"mry-masonry-grid mry-2-col mry-grid-masonry\">\n\t\t\t\t\t\t<div class=\"mry-grid-sizer\"><\/div>\n\t\t\t\t\t\t\n\t\t\t\t\t\t\t\t             \t\t\n\n<div class=\"mry-masonry-grid-item mry-masonry-grid-item-50 category-dizajn-interijera-eksterijera \">\n  <div class=\"mry-card-item\">\n    <div class=\"mry-card-cover-frame mry-mb-20 mry-fo\">\n            <div class=\"mry-badge\">Dizajn interijera\/eksterijera <\/div>\n                  <div class=\"mry-cover-overlay\"><\/div>\n      <img decoding=\"async\" src=\"https:\/\/mopiarh.hr\/wp-content\/uploads\/2021\/03\/p-1-1.jpg\" alt=\"Mala Ku\u0107ica\" class=\"mry-scale-object\">\n      <div class=\"mry-hover-links\">\n        <a data-no-swup data-elementor-lightbox-slideshow=\"gallery\" data-elementor-lightbox-title=\"Mala Ku\u0107ica\" href=\"https:\/\/mopiarh.hr\/wp-content\/uploads\/2021\/03\/p-1-1.jpg\" class=\"mry-zoom mry-magnetic-link\"><span class=\"mry-magnetic-object\"><i\n              class=\"fas fa-expand\"><\/i><\/span><\/a>\n        <a href=\"https:\/\/mopiarh.hr\/index.php\/portfolio\/item\/mala-kucica\/\" class=\"mry-more mry-magnetic-link mry-anima-link\"><span class=\"mry-magnetic-object\"><i class=\"fas fa-arrow-right\"><\/i><\/span><\/a>\n      <\/div>\n          <\/div>\n    <div class=\"mry-item-descr mry-fo\">\n            <h4 class=\"mry-mb-10\"><a href=\"https:\/\/mopiarh.hr\/index.php\/portfolio\/item\/mala-kucica\/\">Mala Ku\u0107ica<\/a><\/h4>\n                  <div class=\"mry-text\">Lorem ipsum dolor sit amet, consectetur adipisicing elit.<\/div>\n          <\/div>\n  <\/div>\n<\/div>\t\t          \t  \t\t\t             \t\t\n\n<div class=\"mry-masonry-grid-item mry-masonry-grid-item-50 mry-masonry-grid-item-h-x-2 category-arhitektura \">\n  <div class=\"mry-card-item\">\n    <div class=\"mry-card-cover-frame mry-mb-20 mry-fo\">\n            <div class=\"mry-badge\">Arhitektura <\/div>\n                  <div class=\"mry-cover-overlay\"><\/div>\n      <img decoding=\"async\" src=\"https:\/\/mopiarh.hr\/wp-content\/uploads\/2021\/03\/p-2-1.jpg\" alt=\"Kompaktna ku\u0107a\" class=\"mry-scale-object\">\n      <div class=\"mry-hover-links\">\n        <a data-no-swup data-elementor-lightbox-slideshow=\"gallery\" data-elementor-lightbox-title=\"Kompaktna ku\u0107a\" href=\"https:\/\/mopiarh.hr\/wp-content\/uploads\/2021\/03\/p-2-1.jpg\" class=\"mry-zoom mry-magnetic-link\"><span class=\"mry-magnetic-object\"><i\n              class=\"fas fa-expand\"><\/i><\/span><\/a>\n        <a href=\"https:\/\/mopiarh.hr\/index.php\/portfolio\/item\/kompaknta-kuca\/\" class=\"mry-more mry-magnetic-link mry-anima-link\"><span class=\"mry-magnetic-object\"><i class=\"fas fa-arrow-right\"><\/i><\/span><\/a>\n      <\/div>\n          <\/div>\n    <div class=\"mry-item-descr mry-fo\">\n            <h4 class=\"mry-mb-10\"><a href=\"https:\/\/mopiarh.hr\/index.php\/portfolio\/item\/kompaknta-kuca\/\">Kompaktna ku\u0107a<\/a><\/h4>\n                  <div class=\"mry-text\">Lorem ipsum dolor sit amet, consectetur adipisicing elit.<\/div>\n          <\/div>\n  <\/div>\n<\/div>\t\t          \t  \t\t\t             \t\t\n\n<div class=\"mry-masonry-grid-item mry-masonry-grid-item-50 category-dizajn-interijera-eksterijera \">\n  <div class=\"mry-card-item\">\n    <div class=\"mry-card-cover-frame mry-mb-20 mry-fo\">\n            <div class=\"mry-badge\">Dizajn interijera\/eksterijera <\/div>\n                  <div class=\"mry-cover-overlay\"><\/div>\n      <img decoding=\"async\" src=\"https:\/\/mopiarh.hr\/wp-content\/uploads\/2021\/03\/p-3-1.jpg\" alt=\"Greenwell Yards\" class=\"mry-scale-object\">\n      <div class=\"mry-hover-links\">\n        <a data-no-swup data-elementor-lightbox-slideshow=\"gallery\" data-elementor-lightbox-title=\"Greenwell Yards\" href=\"https:\/\/mopiarh.hr\/wp-content\/uploads\/2021\/03\/p-3-1.jpg\" class=\"mry-zoom mry-magnetic-link\"><span class=\"mry-magnetic-object\"><i\n              class=\"fas fa-expand\"><\/i><\/span><\/a>\n        <a href=\"https:\/\/mopiarh.hr\/index.php\/portfolio\/item\/greenwell-yards\/\" class=\"mry-more mry-magnetic-link mry-anima-link\"><span class=\"mry-magnetic-object\"><i class=\"fas fa-arrow-right\"><\/i><\/span><\/a>\n      <\/div>\n          <\/div>\n    <div class=\"mry-item-descr mry-fo\">\n            <h4 class=\"mry-mb-10\"><a href=\"https:\/\/mopiarh.hr\/index.php\/portfolio\/item\/greenwell-yards\/\">Greenwell Yards<\/a><\/h4>\n                  <div class=\"mry-text\">Lorem ipsum dolor sit amet, consectetur adipisicing elit.<\/div>\n          <\/div>\n  <\/div>\n<\/div>\t\t          \t  \t\t\t             \t\t\n\n<div class=\"mry-masonry-grid-item mry-masonry-grid-item-50 mry-masonry-grid-item-h-x-2 category-arhitektonske-vizualizacije \">\n  <div class=\"mry-card-item\">\n    <div class=\"mry-card-cover-frame mry-mb-20 mry-fo\">\n            <div class=\"mry-badge\">Arhitektonske vizualizacije <\/div>\n                  <div class=\"mry-cover-overlay\"><\/div>\n      <img decoding=\"async\" src=\"https:\/\/mopiarh.hr\/wp-content\/uploads\/2021\/03\/p-6-1.jpg\" alt=\"Kompaktna vikendica\" class=\"mry-scale-object\">\n      <div class=\"mry-hover-links\">\n        <a data-no-swup data-elementor-lightbox-slideshow=\"gallery\" data-elementor-lightbox-title=\"Kompaktna vikendica\" href=\"https:\/\/mopiarh.hr\/wp-content\/uploads\/2021\/03\/p-6-1.jpg\" class=\"mry-zoom mry-magnetic-link\"><span class=\"mry-magnetic-object\"><i\n              class=\"fas fa-expand\"><\/i><\/span><\/a>\n        <a href=\"https:\/\/mopiarh.hr\/index.php\/portfolio\/item\/kompaktna-vikendica\/\" class=\"mry-more mry-magnetic-link mry-anima-link\"><span class=\"mry-magnetic-object\"><i class=\"fas fa-arrow-right\"><\/i><\/span><\/a>\n      <\/div>\n          <\/div>\n    <div class=\"mry-item-descr mry-fo\">\n            <h4 class=\"mry-mb-10\"><a href=\"https:\/\/mopiarh.hr\/index.php\/portfolio\/item\/kompaktna-vikendica\/\">Kompaktna vikendica<\/a><\/h4>\n                  <div class=\"mry-text\">Lorem ipsum dolor sit amet, consectetur adipisicing elit.<\/div>\n          <\/div>\n  <\/div>\n<\/div>\t\t          \t  \t\t\t             \t\t\n\n<div class=\"mry-masonry-grid-item mry-masonry-grid-item-50 mry-masonry-grid-item-h-x-2 category-arhitektonske-vizualizacije \">\n  <div class=\"mry-card-item\">\n    <div class=\"mry-card-cover-frame mry-mb-20 mry-fo\">\n            <div class=\"mry-badge\">Arhitektonske vizualizacije <\/div>\n                  <div class=\"mry-cover-overlay\"><\/div>\n      <img decoding=\"async\" src=\"https:\/\/mopiarh.hr\/wp-content\/uploads\/2021\/03\/p-4-1.jpg\" alt=\"Moderna ku\u0107a\" class=\"mry-scale-object\">\n      <div class=\"mry-hover-links\">\n        <a data-no-swup data-elementor-lightbox-slideshow=\"gallery\" data-elementor-lightbox-title=\"Moderna ku\u0107a\" href=\"https:\/\/mopiarh.hr\/wp-content\/uploads\/2021\/03\/p-4-1.jpg\" class=\"mry-zoom mry-magnetic-link\"><span class=\"mry-magnetic-object\"><i\n              class=\"fas fa-expand\"><\/i><\/span><\/a>\n        <a href=\"https:\/\/mopiarh.hr\/index.php\/portfolio\/item\/moderna-kuca\/\" class=\"mry-more mry-magnetic-link mry-anima-link\"><span class=\"mry-magnetic-object\"><i class=\"fas fa-arrow-right\"><\/i><\/span><\/a>\n      <\/div>\n          <\/div>\n    <div class=\"mry-item-descr mry-fo\">\n            <h4 class=\"mry-mb-10\"><a href=\"https:\/\/mopiarh.hr\/index.php\/portfolio\/item\/moderna-kuca\/\">Moderna ku\u0107a<\/a><\/h4>\n                  <div class=\"mry-text\">Lorem ipsum dolor sit amet, consectetur adipisicing elit.<\/div>\n          <\/div>\n  <\/div>\n<\/div>\t\t          \t  \t\t\t             \t\t\n\n<div class=\"mry-masonry-grid-item mry-masonry-grid-item-50 category-arhitektura \">\n  <div class=\"mry-card-item\">\n    <div class=\"mry-card-cover-frame mry-mb-20 mry-fo\">\n            <div class=\"mry-badge\">Arhitektura <\/div>\n                  <div class=\"mry-cover-overlay\"><\/div>\n      <img decoding=\"async\" src=\"https:\/\/mopiarh.hr\/wp-content\/uploads\/2021\/03\/p-5-1.jpg\" alt=\"Stan Greenwell\" class=\"mry-scale-object\">\n      <div class=\"mry-hover-links\">\n        <a data-no-swup data-elementor-lightbox-slideshow=\"gallery\" data-elementor-lightbox-title=\"Stan Greenwell\" href=\"https:\/\/mopiarh.hr\/wp-content\/uploads\/2021\/03\/p-5-1.jpg\" class=\"mry-zoom mry-magnetic-link\"><span class=\"mry-magnetic-object\"><i\n              class=\"fas fa-expand\"><\/i><\/span><\/a>\n        <a href=\"https:\/\/mopiarh.hr\/index.php\/portfolio\/item\/stan-greenwell\/\" class=\"mry-more mry-magnetic-link mry-anima-link\"><span class=\"mry-magnetic-object\"><i class=\"fas fa-arrow-right\"><\/i><\/span><\/a>\n      <\/div>\n          <\/div>\n    <div class=\"mry-item-descr mry-fo\">\n            <h4 class=\"mry-mb-10\"><a href=\"https:\/\/mopiarh.hr\/index.php\/portfolio\/item\/stan-greenwell\/\">Stan Greenwell<\/a><\/h4>\n                  <div class=\"mry-text\">Lorem ipsum dolor sit amet, consectetur adipisicing elit.<\/div>\n          <\/div>\n  <\/div>\n<\/div>\t\t          \t  \t\t\t             \t\t\n\n<div class=\"mry-masonry-grid-item mry-masonry-grid-item-50 category-arhitektura \">\n  <div class=\"mry-card-item\">\n    <div class=\"mry-card-cover-frame mry-mb-20 mry-fo\">\n            <div class=\"mry-badge\">Arhitektura <\/div>\n                  <div class=\"mry-cover-overlay\"><\/div>\n      <img decoding=\"async\" src=\"https:\/\/mopiarh.hr\/wp-content\/uploads\/2021\/03\/p-7-1.jpg\" alt=\"Luksuzna vikendica\" class=\"mry-scale-object\">\n      <div class=\"mry-hover-links\">\n        <a data-no-swup data-elementor-lightbox-slideshow=\"gallery\" data-elementor-lightbox-title=\"Luksuzna vikendica\" href=\"https:\/\/mopiarh.hr\/wp-content\/uploads\/2021\/03\/p-7-1.jpg\" class=\"mry-zoom mry-magnetic-link\"><span class=\"mry-magnetic-object\"><i\n              class=\"fas fa-expand\"><\/i><\/span><\/a>\n        <a href=\"https:\/\/mopiarh.hr\/index.php\/portfolio\/item\/luksuzna-vikendica\/\" class=\"mry-more mry-magnetic-link mry-anima-link\"><span class=\"mry-magnetic-object\"><i class=\"fas fa-arrow-right\"><\/i><\/span><\/a>\n      <\/div>\n          <\/div>\n    <div class=\"mry-item-descr mry-fo\">\n            <h4 class=\"mry-mb-10\"><a href=\"https:\/\/mopiarh.hr\/index.php\/portfolio\/item\/luksuzna-vikendica\/\">Luksuzna vikendica<\/a><\/h4>\n                  <div class=\"mry-text\">Lorem ipsum dolor sit amet, consectetur adipisicing elit.<\/div>\n          <\/div>\n  <\/div>\n<\/div>\t\t          \t  \t\t\t             \t\t\n\n<div class=\"mry-masonry-grid-item mry-masonry-grid-item-50 category-dizajn-interijera-eksterijera \">\n  <div class=\"mry-card-item\">\n    <div class=\"mry-card-cover-frame mry-mb-20 mry-fo\">\n            <div class=\"mry-badge\">Dizajn interijera\/eksterijera <\/div>\n                  <div class=\"mry-cover-overlay\"><\/div>\n      <img decoding=\"async\" src=\"https:\/\/mopiarh.hr\/wp-content\/uploads\/2021\/03\/p-8-1.jpg\" alt=\"Minimalisti\u010dki interijer ku\u0107e\" class=\"mry-scale-object\">\n      <div class=\"mry-hover-links\">\n        <a data-no-swup data-elementor-lightbox-slideshow=\"gallery\" data-elementor-lightbox-title=\"Minimalisti\u010dki interijer ku\u0107e\" href=\"https:\/\/mopiarh.hr\/wp-content\/uploads\/2021\/03\/p-8-1.jpg\" class=\"mry-zoom mry-magnetic-link\"><span class=\"mry-magnetic-object\"><i\n              class=\"fas fa-expand\"><\/i><\/span><\/a>\n        <a href=\"https:\/\/mopiarh.hr\/index.php\/portfolio\/item\/minimalisticki-interijer-kuce\/\" class=\"mry-more mry-magnetic-link mry-anima-link\"><span class=\"mry-magnetic-object\"><i class=\"fas fa-arrow-right\"><\/i><\/span><\/a>\n      <\/div>\n          <\/div>\n    <div class=\"mry-item-descr mry-fo\">\n            <h4 class=\"mry-mb-10\"><a href=\"https:\/\/mopiarh.hr\/index.php\/portfolio\/item\/minimalisticki-interijer-kuce\/\">Minimalisti\u010dki interijer ku\u0107e<\/a><\/h4>\n                  <div class=\"mry-text\">Lorem ipsum dolor sit amet, consectetur adipisicing elit.<\/div>\n          <\/div>\n  <\/div>\n<\/div>\t\t          \t  \t\t\t             \t\t\n\n<div class=\"mry-masonry-grid-item mry-masonry-grid-item-50 category-dizajn-interijera-eksterijera \">\n  <div class=\"mry-card-item\">\n    <div class=\"mry-card-cover-frame mry-mb-20 mry-fo\">\n            <div class=\"mry-badge\">Dizajn interijera\/eksterijera <\/div>\n                  <div class=\"mry-cover-overlay\"><\/div>\n      <img decoding=\"async\" src=\"https:\/\/mopiarh.hr\/wp-content\/uploads\/2021\/03\/video.jpg\" alt=\"Apartman u hostelu\" class=\"mry-scale-object\">\n      <div class=\"mry-hover-links\">\n        <a data-no-swup data-elementor-lightbox-slideshow=\"gallery\" data-elementor-lightbox-title=\"Apartman u hostelu\" href=\"https:\/\/mopiarh.hr\/wp-content\/uploads\/2021\/03\/video.jpg\" class=\"mry-zoom mry-magnetic-link\"><span class=\"mry-magnetic-object\"><i\n              class=\"fas fa-expand\"><\/i><\/span><\/a>\n        <a href=\"https:\/\/mopiarh.hr\/index.php\/portfolio\/item\/apartman-u-hostelu\/\" class=\"mry-more mry-magnetic-link mry-anima-link\"><span class=\"mry-magnetic-object\"><i class=\"fas fa-arrow-right\"><\/i><\/span><\/a>\n      <\/div>\n          <\/div>\n    <div class=\"mry-item-descr mry-fo\">\n            <h4 class=\"mry-mb-10\"><a href=\"https:\/\/mopiarh.hr\/index.php\/portfolio\/item\/apartman-u-hostelu\/\">Apartman u hostelu<\/a><\/h4>\n                  <div class=\"mry-text\">Lorem ipsum dolor sit amet, consectetur adipisicing elit.<\/div>\n          <\/div>\n  <\/div>\n<\/div>\t\t          \t  \t\n\t\t\t\t\t<\/div>\n\t\t\t\t<\/div>\n\t\t\t\t\n\t\t\t  \t\n\t\t\t\t\n\t\t\t<\/div>\n\t\t<\/div>\n\t\t<!-- portfolio end -->\n\n\t\t\t\t\t\t<\/div>\n\t\t\t\t<\/div>\n\t\t\t\t\t<\/div>\n\t\t<\/div>\n\t\t\t\t\t<\/div>\n\t\t<\/section>\n\t\t\t\t<section class=\"elementor-section elementor-top-section elementor-element elementor-element-c315c35 elementor-section-full_width elementor-section-height-default elementor-section-height-default\" data-id=\"c315c35\" data-element_type=\"section\" data-e-type=\"section\">\n\t\t\t\t\t\t<div class=\"elementor-container elementor-column-gap-no\">\n\t\t\t\t\t<div class=\"elementor-column elementor-col-100 elementor-top-column elementor-element elementor-element-bbfc9dd\" data-id=\"bbfc9dd\" data-element_type=\"column\" data-e-type=\"column\">\n\t\t\t<div class=\"elementor-widget-wrap elementor-element-populated\">\n\t\t\t\t\t\t<div class=\"elementor-element elementor-element-23975cb elementor-widget elementor-widget-mireya-cta\" data-id=\"23975cb\" data-element_type=\"widget\" data-e-type=\"widget\" data-widget_type=\"mireya-cta.default\">\n\t\t\t\t<div class=\"elementor-widget-container\">\n\t\t\t\t\t\n\t\t<div class=\"mry-about mry-about-cta\">\n\t\t\t<div class=\"container\">\n\t\t\t\t<div class=\"row\">\n\t\t\t\t\t<div class=\"col-lg-12\">\n\t\t\t\t\t\t<div class=\"mry-main-title mry-title-center mry-p-100-100\">\n\t\t\t\t\t\t\t\t\t\t\t\t\t\t<div class=\"mry-subtitle mry-mb-20 mry-fo\">\n\t\t\t\t\t\t\t\t<span >\n\t\t\t\t\t          \t\tPoziv na akciju\t\t\t\t\t        \t<\/span>\n\t\t\t\t\t\t\t<\/div>\n\t\t\t\t\t\t\t\t\t\t\t\t\t\t\t\t\t\t\t\t\t<h2 class=\"mry-h1 mry-mb-20 mry-fo mry-title--h\"> \n\t\t\t\t\t\t\t\t\t\t\t\t\t\t\t\t<span >\n\t\t\t\t\t          \t\tImate li\t\t\t\t\t        \t<\/span>\n\t\t\t\t\t        \t\t\t\t\t\t        \t\t\t\t\t\t\t\t\t<span class=\"mry-border-text\">\n\t\t\t\t\t\t\t\t\t<span >\n\t\t\t\t\t\t          \t\tprojekt?\t\t\t\t\t\t        \t<\/span>\n\t\t\t\t\t\t\t\t<\/span>\n\t\t\t\t\t\t\t\t\t\t\t\t\t\t\t<\/h2>\n\t\t\t\t\t\t\t\t\t\t\t\t\t\t\t\t\t\t\t\t\t<div class=\"mry-text mry-mb-30 mry-fo\">\n\t\t\t\t\t\t\t\t<div >\n\t\t\t\t\t          \t\t<p>Neka va\u0161e arhitektonske vizije postanu stvarnost - sura\u0111ujmo zajedno kako bismo stvorili inspirativan i funkcionalan prostor koji odra\u017eava va\u0161 jedinstveni identitet<\/p>\t\t\t\t\t        \t<\/div>\n\t\t\t\t\t\t\t<\/div>\n\t\t\t\t\t\t\t\n\t\t\t\t\t\t\t\t\t\t\t\t\t\t<div class=\"mry-fo\">\n\t\t\t\t\t\t\t\t\t\t\t\t\t\t\t\t<a href=\"https:\/\/mopiarh.hr\/index.php\/contact\/\" class=\"mry-anima-link mry-btn mry-btn-color mry-default-link\">\n\t\t\t\t\t\t\t\t\t<span >\n\t\t\t\t\t\t          \t\tRaspravljajmo\t\t\t\t\t\t        \t<\/span>\n\t\t\t\t\t\t\t\t<\/a>\n\t\t\t\t\t\t\t\t\t\t\t\t\t\t\t\t\t\t\t\t\t\t\t<\/div>\n\t\t\t\t\t\t\t\t\t\t\t\t\t<\/div>\n\t\t\t\t\t<\/div>\n\t\t\t\t<\/div>\n\t\t\t<\/div>\n\t\t<\/div>\n\n\t\t\t\t\t\t<\/div>\n\t\t\t\t<\/div>\n\t\t\t\t\t<\/div>\n\t\t<\/div>\n\t\t\t\t\t<\/div>\n\t\t<\/section>\n\t\t\t\t<\/div>\n\t\t","protected":false},"excerpt":{"rendered":"<p>PORTFOLIO Otkrijte Raznovrsnost Na\u0161ih Arhitektonskih Projekata Dobrodo\u0161li u na\u0161 portfolio &#8211; mjesto gdje se vizije pretvaraju u stvarnost. U\u017eivajte u&#8230; <span class=\"mry-el-more mry-fo\"><a href=\"https:\/\/mopiarh.hr\/index.php\/portfolio\/item\/apartman-u-hostelu\/\" class=\"mry-link mry-default-link\">Saznajte vi\u0161e <\/a><\/span><\/p>\n","protected":false},"author":1,"featured_media":0,"parent":0,"menu_order":0,"comment_status":"closed","ping_status":"closed","template":"template-layout-builder.php","meta":{"om_disable_all_campaigns":false,"_monsterinsights_skip_tracking":false,"_monsterinsights_sitenote_active":false,"_monsterinsights_sitenote_note":"","_monsterinsights_sitenote_category":0,"_uf_show_specific_survey":0,"_uf_disable_surveys":false,"footnotes":""},"class_list":["post-252","page","type-page","status-publish","hentry"],"acf":[],"aioseo_notices":[],"_links":{"self":[{"href":"https:\/\/mopiarh.hr\/index.php\/wp-json\/wp\/v2\/pages\/252","targetHints":{"allow":["GET"]}}],"collection":[{"href":"https:\/\/mopiarh.hr\/index.php\/wp-json\/wp\/v2\/pages"}],"about":[{"href":"https:\/\/mopiarh.hr\/index.php\/wp-json\/wp\/v2\/types\/page"}],"author":[{"embeddable":true,"href":"https:\/\/mopiarh.hr\/index.php\/wp-json\/wp\/v2\/users\/1"}],"replies":[{"embeddable":true,"href":"https:\/\/mopiarh.hr\/index.php\/wp-json\/wp\/v2\/comments?post=252"}],"version-history":[{"count":9,"href":"https:\/\/mopiarh.hr\/index.php\/wp-json\/wp\/v2\/pages\/252\/revisions"}],"predecessor-version":[{"id":906,"href":"https:\/\/mopiarh.hr\/index.php\/wp-json\/wp\/v2\/pages\/252\/revisions\/906"}],"wp:attachment":[{"href":"https:\/\/mopiarh.hr\/index.php\/wp-json\/wp\/v2\/media?parent=252"}],"curies":[{"name":"wp","href":"https:\/\/api.w.org\/{rel}","templated":true}]}}